?
False
Is 45691776363 a composite number?
True
Is 10935942203 a prime number?
False
Is 4066333 a composite number?
False
Is 763663489 a prime number?
True
Is 616248511 a composite number?
False
Is 66658827113 a composite number?
False
Is 1914226567 a composite number?
True
Is 1677745217 prime?
False
Is 6672821039 a composite number?
False
Is 47037905 prime?
False
Is 23432347567 prime?
False
Is 2774139077 composite?
False
Is 1468212037 a composite number?
False
Is 747470453 a prime number?
True
Is 17627519751 a composite number?
True
Is 380028851 prime?
False
Is 2463346753 a prime number?
False
Is 1764680361 prime?
False
Is 1430361937 a composite number?
False
Is 58136429717 a prime number?
False
Is 49142489119 a composite number?
True
Is 52996537 a prime number?
False
Is 201196153 a prime number?
False
Is 1813667593 prime?
False
Is 66676759249 a composite number?
True
Is 346657733 composite?
False
Is 1721564987 composite?
True
Is 116664437 a composite number?
False
Is 128095346139 composite?
True
Is 14006588567 a composite number?
False
Is 86866668149 a composite number?
False
Is 1427870773 prime?
False
Is 706341173 composite?
False
Is 36977074247 a composite number?
True
Is 82240351 prime?
True
Is 441076637 composite?
True
Is 21413118317 composite?
False
Is 113699252011 prime?
True
Is 285015346519 composite?
False
Is 10786078277 prime?
False
Is 5197072319 prime?
False
Is 5697236607 a composite number?
True
Is 7812221419 prime?
False
Is 13280090483 prime?
False
Is 123639529 a prime number?
False
Is 355138170197 prime?
True
Is 37453815709 prime?
True
Is 1235702201 a prime number?
True
Is 1537891687 a prime number?
False
Is 3779301973 a prime number?
False
Is 217155337 prime?
False
Is 127245851 a composite number?
True
Is 63535007 a composite number?
False
Is 2554700587 a prime number?
False
Is 341133739 a prime number?
False
Is 2001797887 prime?
False
Is 3664004027 a composite number?
False
Is 24153037607 prime?
False
Is 3959373541 prime?
False
Is 11373821065 composite?
True
Is 417884759 a prime number?
False
Is 207356945 composite?
True
Is 966862381 a composite number?
False
Is 5174870459 prime?
False
Is 163076311283 prime?
False
Is 13996254457 a prime number?
False
Is 2730317399 a composite number?
False
Is 2402391127 a prime number?
False
Is 25360973519 a prime number?
False
Is 237067189 a prime number?
False
Is 91614893549 prime?
False
Is 386532103 composite?
False
Is 145996577089 a prime number?
False
Is 165242299 a prime number?
True
Is 2071147379 prime?
False
Is 5520585943 a prime number?
False
Is 6332916361 prime?
False
Is 16715669693 prime?
False
Is 812227571 composite?
True
Is 245497531 a prime number?
True
Is 761460853 prime?
False
Is 195147137 composite?
False
Is 62731351013 a prime number?
False
Is 5497451153 a prime number?
False
Is 19965079 composite?
True
Is 1341821731 composite?
False
Is 1701187717 prime?
True
Is 2923519 a composite number?
True
Is 5666979823 composite?
True
Is 6503265011 prime?
False
Is 114808489 composite?
False
Is 2834019247 a prime number?
False
Is 4793408619 a prime number?
False
Is 6718397843 a prime number?
False
Is 61634406881 composite?
False
Is 28708425643 a composite number?
True
Is 1869330239 a prime number?
False
Is 47779319561 prime?
True
Is 3337453783 a prime number?
True
Is 21136139819 prime?
False
Is 173739611 prime?
True
Is 473037178 a prime number?
False
Is 19703810822 composite?
True
Is 3676140779 composite?
False
Is 6929121449 prime?
False
Is 346419559 a composite number?
False
Is 1085987117 composite?
True
Is 1255859249 a composite number?
True
Is 41331300079 a prime number?
True
Is 21036852467 composite?
False
Is 921963061 composite?
False
Is 1420837123 a composite number?
False
Is 76008971293 a composite number?
False
Is 10055797783 composite?
False
Is 65471688026 a composite number?
True
Is 73781699723 prime?
False
Is 159140380327 a composite number?
True
Is 2699914237 a prime number?
False
Is 1669331141 prime?
True
Is 3182459887 a composite number?
False
Is 256345447 a prime number?
True
Is 7413443 prime?
True
Is 1294273649 prime?
False
Is 9815291011 a composite number?
False
Is 11422363021 prime?
True
Is 89028313 composite?
True
Is 3661549973 a prime number?
True
Is 612442093 prime?
False
Is 24579499621 a prime number?
True
Is 124659203 composite?
False
Is 20526240499 a composite number?
False
Is 80508969911 a composite number?
False
Is 666674231 prime?
False
Is 1030284413 prime?
True
Is 23714536379 prime?
False
Is 440631491 a prime number?
False
Is 8344093937 composite?
False
Is 2006559959 prime?
True
Is 6242005703 a prime number?
True
Is 55710249709 prime?
True
Is 9313870771 a composite number?
False
Is 315611627 a composite number?
True
Is 67857191 composite?
True
Is 454839443 a prime number?
False
Is 8391878507 a composite number?
False
Is 8138489959 composite?
True
Is 8960320909 a composite number?
False
Is 192484357 a prime number?
False
Is 234576173 composite?
True
Is 4426396027 a prime number?
False
Is 3371330761 a prime number?
True
Is 2693656279 a prime number?
True
Is 2735367959 composite?
True
Is 110681540666 prime?
False
Is 1835992193 prime?
False
Is 3086651837 prime?
False
Is 387396497 composite?
False
Is 135077213369 composite?
True
Is 8741999513 prime?
False
Is 438574529 a composite number?
False
Is 1574526719 composite?
False
Is 3023335267 a composite number?
True
Is 65424271711 composite?
False
Is 491045699 prime?
False
Is 2287561349 a prime number?
True
Is 2913624209 a prime number?
False
Is 155369587081 prime?
False
Is 249070499 a prime number?
True
Is 7223704867 prime?
False
Is 757212497 a composite number?
False
Is 32974721053 composite?
False
Is 3720925013 prime?
False
Is 74575101473 a prime number?
True
Is 73809917 composite?
False
Is 215070123467 a prime number?
True
Is 3142891723 prime?
True
Is 12618790165 composite?
True
Is 9485035519 composite?
True
Is 14443904597 a composite number?
False
Is 65191697587 a composite number?
False
Is 15424517 a composite number?
True
Is 75762418877 a prime number?
True
Is 1207169611 a prime number?
False
Is 238312493 prime?
False
Is 80912959 a composite number?
False
Is 1481851633 a prime number?
True
Is 62741880923 prime?
False
Is 6265589767 a composite number?
False
Is 3104262514 a composite number?
True
Is 6435727087 a composite number?
True
Is 12463733819 a prime number?
True
Is 1448512643 prime?
False
Is 141181247 composite?
True
Is 31873476469 a prime number?
False
Is 28790208173 composite?
False
Is 713827913 prime?
True
Is 1476673897 composite?
False
Is 115612897 prime?
True
Is 63110460991 a composite number?
False
Is 262383109 a composite number?
False
Is 1463939821 a prime number?
True
Is 9096427033 a composite number?
False
Is 71221738129 prime?
True
Is 1187280581 composite?
False
Is 2342029639 prime?
False
Is 78307617757 a prime number?
False
Is 133433487167 prime?
False
Is 73739852201 a prime number?
True
Is 11129717 prime?
False
Is 52796941 prime?
False
Is 486911273 a composite number?
True
Is 1845723349 a composite number?
False
Is 10750600183 a composite number?
True
Is 19421247529 a prime number?
True
Is 11417484079 a composite number?
False
Is 7413996799 a composite number?
True
Is 25387974163 a prime number?
True
Is 1782615553 prime?
False
Is 11003883477 a composite number?
True
Is 60157179219 a composite number?
True
Is 847459009 a composite number?
False
Is 4814553691 a prime number?
False
Is 10902677503 composite?
False
Is 468546311 a composite number?
False
Is 99860518711 composite?
False
Is 9744763553 a composite number?
True
Is 1137213383 a composite number?
True
Is 23784639161 prime?
False
Is 1526571367 prime?
True
Is 427498681 a composite number?
False
Is 490545569 a prime number?
True
Is 3053850637 a prime number?
True
Is 242737591 composite?
False
Is 1597866893 a prime number?
False
Is 11884718399 a composite number?
False
Is 81877690483 a prime number?
True
Is 2984910553 prime?
True
Is 652612477 prime?
False
Is 4132228873 a prime number?
True
Is 5654107 a composite number?
True
Is 669651127 a composite number?
False
Is 413342927 composite?
True
Is 1468341395 a composite number?
True
Is 329067630313 a composite number?
False
Is 36131705405 composite?
True
Is 9172162499 prime?
True
Is 3149034